{"id":71,"date":"2025-05-15T14:13:03","date_gmt":"2025-05-15T12:13:03","guid":{"rendered":"https:\/\/palaudelamusica.com\/?page_id=71"},"modified":"2025-05-15T14:13:03","modified_gmt":"2025-05-15T12:13:03","slug":"imprint","status":"publish","type":"page","link":"https:\/\/www.palaudelamusica.com\/tr\/imprint\/","title":{"rendered":"K\u00fcnye"},"content":{"rendered":"<p>Patrick K\u00fchne<br>Kolpingstr. 12<br>04416 Markkleeberg<\/p>\n\n\n\n<h2 class=\"wp-block-heading\">Bize ula\u015f\u0131n<\/h2>\n\n\n\n<p>E-posta: patrick@101places.de.de<\/p>\n\n\n\n<h2 class=\"wp-block-heading\">Sat\u0131\u015f vergisi kimli\u011fi<\/h2>\n\n\n\n<p>\u00a7 27 a sat\u0131\u015f vergisi yasas\u0131na g\u00f6re sat\u0131\u015f vergisi kimlik numaras\u0131:<br>DE251359457<\/p>\n\n\n\n<h2 class=\"wp-block-heading\">T\u00fcketici uyu\u015fmazl\u0131klar\u0131n\u0131n \u00e7\u00f6z\u00fcm\u00fc<\/h2>\n\n\n\n<p>Bir t\u00fcketici hakem heyeti nezdindeki uyu\u015fmazl\u0131k \u00e7\u00f6z\u00fcm i\u015flemlerine kat\u0131lmaya istekli veya y\u00fck\u00fcml\u00fc de\u011filiz.<\/p>","protected":false},"excerpt":{"rendered":"<p>Patrick K\u00fchneKolpingstr. 1204416 Markkleeberg \u0130leti\u015fim E-posta: patrick@101places.de.de KDV Kimli\u011fi Umsatzsteuergesetz \u00a7 27 a uyar\u0131nca KDV kimlik numaras\u0131: DE251359457 T\u00fcketici uyu\u015fmazl\u0131klar\u0131n\u0131n \u00e7\u00f6z\u00fcm\u00fc Bir t\u00fcketici hakem heyeti nezdinde uyu\u015fmazl\u0131k \u00e7\u00f6z\u00fcm\u00fc i\u015flemlerine kat\u0131lmaya istekli veya y\u00fck\u00fcml\u00fc de\u011filiz.<\/p>","protected":false},"author":1,"featured_media":0,"parent":0,"menu_order":0,"comment_status":"closed","ping_status":"closed","template":"","meta":{"footnotes":""},"class_list":["post-71","page","type-page","status-publish"],"aioseo_notices":[],"_links":{"self":[{"href":"https:\/\/www.palaudelamusica.com\/tr\/wp-json\/wp\/v2\/pages\/71","targetHints":{"allow":["GET"]}}],"collection":[{"href":"https:\/\/www.palaudelamusica.com\/tr\/wp-json\/wp\/v2\/pages"}],"about":[{"href":"https:\/\/www.palaudelamusica.com\/tr\/wp-json\/wp\/v2\/types\/page"}],"author":[{"embeddable":true,"href":"https:\/\/www.palaudelamusica.com\/tr\/wp-json\/wp\/v2\/users\/1"}],"replies":[{"embeddable":true,"href":"https:\/\/www.palaudelamusica.com\/tr\/wp-json\/wp\/v2\/comments?post=71"}],"version-history":[{"count":1,"href":"https:\/\/www.palaudelamusica.com\/tr\/wp-json\/wp\/v2\/pages\/71\/revisions"}],"predecessor-version":[{"id":72,"href":"https:\/\/www.palaudelamusica.com\/tr\/wp-json\/wp\/v2\/pages\/71\/revisions\/72"}],"wp:attachment":[{"href":"https:\/\/www.palaudelamusica.com\/tr\/wp-json\/wp\/v2\/media?parent=71"}],"curies":[{"name":"wp","href":"https:\/\/api.w.org\/{rel}","templated":true}]}}

Künye

<p>Patrick Kühne<br>Kolpingstr. 12<br>04416 Markkleeberg</p>



<h2 class="wp-block-heading">Bize ulaşın</h2>



<p>E-posta: patrick@101places.de.de</p>



<h2 class="wp-block-heading">Satış vergisi kimliği</h2>



<p>§ 27 a satış vergisi yasasına göre satış vergisi kimlik numarası:<br>DE251359457</p>



<h2 class="wp-block-heading">Tüketici uyuşmazlıklarının çözümü</h2>



<p>Bir tüketici hakem heyeti nezdindeki uyuşmazlık çözüm işlemlerine katılmaya istekli veya yükümlü değiliz.</p>

<p>Patrick KühneKolpingstr. 1204416 Markkleeberg İletişim E-posta: patrick@101places.de.de KDV Kimliği Umsatzsteuergesetz § 27 a uyarınca KDV kimlik numarası: DE251359457 Tüketici uyuşmazlıklarının çözümü Bir tüketici hakem heyeti nezdinde uyuşmazlık çözümü işlemlerine katılmaya istekli veya yükümlü değiliz.</p>
